65555?
5
What is the tens digit of 453485?
8
What is the hundreds digit of 1166019?
0
What is the millions digit of 6925831?
6
What is the hundred thousands digit of 2081840?
0
What is the ten thousands digit of 882657?
8
What is the hundreds digit of 597337?
3
What is the hundreds digit of 170?
1
What is the tens digit of 5847049?
4
What is the thousands digit of 20018674?
8
What is the units digit of 1624379?
9
What is the thousands digit of 1523757?
3
What is the thousands digit of 495911?
5
What is the hundred thousands digit of 343220?
3
What is the units digit of 1812448?
8
What is the ten thousands digit of 505892?
0
What is the hundred thousands digit of 2022036?
0
What is the units digit of 1493891?
1
What is the thousands digit of 5180?
5
What is the hundred thousands digit of 1791096?
7
What is the tens digit of 4148589?
8
What is the millions digit of 15535614?
5
What is the units digit of 3335395?
5
What is the hundred thousands digit of 19214150?
2
What is the tens digit of 164094?
9
What is the tens digit of 2550428?
2
What is the hundred thousands digit of 1708611?
7
What is the units digit of 194281?
1
What is the thousands digit of 65715?
5
What is the units digit of 4955586?
6
What is the tens digit of 341749?
4
What is the hundred thousands digit of 844398?
8
What is the thousands digit of 1515961?
5
What is the hundreds digit of 1078442?
4
What is the tens digit of 3962731?
3
What is the hundreds digit of 277347?
3
What is the hundreds digit of 1222611?
6
What is the units digit of 119725?
5
What is the hundred thousands digit of 1058947?
0
What is the hundred thousands digit of 7513888?
5
What is the tens digit of 4680775?
7
What is the units digit of 9220805?
5
What is the ten millions digit of 12511552?
1
What is the tens digit of 1418393?
9
What is the ten thousands digit of 666055?
6
What is the hundred thousands digit of 2583535?
5
What is the millions digit of 2122673?
2
What is the ten thousands digit of 9450899?
5
What is the hundred thousands digit of 406828?
4
What is the thousands digit of 1104303?
4
What is the tens digit of 2790082?
8
What is the hundred thousands digit of 1856960?
8
What is the thousands digit of 5495548?
5
What is the tens digit of 724786?
8
What is the units digit of 4416032?
2
What is the ten thousands digit of 4907051?
0
What is the ten thousands digit of 8665184?
6
What is the hundred thousands digit of 10479058?
4
What is the hundred thousands digit of 2208555?
2
What is the hundreds digit of 3781190?
1
What is the tens digit of 1479409?
0
What is the hundreds digit of 684425?
4
What is the ten thousands digit of 38063914?
6
What is the thousands digit of 13881073?
1
What is the ten thousands digit of 507201?
0
What is the ten thousands digit of 878021?
7
What is the tens digit of 1912520?
2
What is the hundreds digit of 2038780?
7
What is the tens digit of 90659?
5
What is the units digit of 2080897?
7
What is the thousands digit of 1750348?
0
What is the units digit of 74003?
3
What is the tens digit of 8077?
7
What is the hundred thousands digit of 201587?
2
What is the thousands digit of 4311694?
1
What is the ten thousands digit of 345004?
4
What is the thousands digit of 59408?
9
What is the ten thousands digit of 40252?
4
What is the units digit of 1441741?
1
What is the hundred thousands digit of 678267?
6
What is the hundred thousands digit of 8660944?
6
What is the hundred thousands digit of 9673976?
6
What is the millions digit of 17181223?
7
What is the ten millions digit of 23772263?
2
What is the ten thousands digit of 15258704?
5
What is the millions digit of 9713865?
9
What is the thousands digit of 199726?
9
What is the hundred thousands digit of 187533?
1
What is the units digit of 5600444?
4
What is the hundred thousands digit of 16642748?
6
What is the ten thousands digit of 7996769?
9
What is the tens digit of 292615?
1
What is the ten thousands digit of 148547?
4
What is the thousands digit of 247040?
7
What is the tens digit of 138892?
9
What is the thousands digit of 907090?
7
What is the hundreds digit of 1997499?
4
What is the units digit of 212157?
7
What is the tens digit of 262701?
0
What is the thousands digit of 9928648?
8
What is the millions digit of 11587041?
1
What is the hundreds digit of 16122517?
5
What is the millions digit of 4141931?
4
What is the tens digit of 83560?
6
What is the tens digit of 5472044?
4
What is the tens digit of 960608?
0
What is the ten thousands digit of 12607711?
0
What is the tens digit of 210380?
8
What is the hundreds digit of 701683?
6
What is the hundred thousands digit of 325876?
3
What is the thousands digit of 455751?
5
What is the tens digit of 44467?
6
What is the millions digit of 8284196?
8
What is the thousands digit of 18165719?
5
What is the tens digit of 16753919?
1
What is the units digit of 75431?
1
What is the hundreds digit of 75651?
6
What is the thousands digit of 287193?
7
What is the millions digit of 18869371?
8
What is the ten thousands digit of 7525421?
2
What is the thousands digit of 1812801?
2
What is the thousands digit of 268304?
8
What is the ten thousands digit of 784367?
8
What is the hundred thousands digit of 436796?
4
What is the units digit of 2069302?
2
What is the hundred thousands digit of 2508654?
5
What is the tens digit of 772092?
9
What is the thousands digit of 2982284?
2
What is the thousands digit of 2810471?
0
What is the hundred thousands digit of 125176?
1
What is the hundred thousands digit of 2145035?
1
What is the hundreds digit of 790676?
6
What is the ten thousands digit of 97295?
9
What is the millions digit of 1650830?
1
What is the millions digit of 16213593?
6
What is the ten thousands digit of 1175547?
7
What is the millions digit of 2750301?
2
What is the hundreds digit of 116380?
3
What is the ten thousands digit of 4288857?
8
What is the hundred thousands digit of 1148327?
1
What is the ten millions digit of 13743626?
1
What is the units digit of 99358?
8
What is the units digit of 29229547?
7
What is the hundred thousands digit of 501740?
5
What is the tens digit of 200914?
1
What is the hundreds digit of 235519?
5
What is the ten thousands digit of 55079?
5
What is the hundred thousands digit of 9144049?
1
What is the hundred thousands digit of 111860?
1
What is the ten millions digit of 11314526?
1
What is the millions digit of 8394297?
8
What is the millions digit of 1938657?
1
What is the thousands digit of 70244?
0
What is the units digit of 6227056?
6
What is the hundred thousands digit of 1101518?
1
What is the units digit of 1709837?
7
What is the thousands digit of 73098?
3
What is the tens digit of 3566039?
3
What is the units digit of 7354237?
7
What is the thousands digit of 170746?
0
What is the tens digit of 627324?
2
What is the tens digit of 1562004?
0
What is the hundreds digit of 5305?
3
What is the hundred thousands digit of 6103377?
1
What is the hundreds digit of 1200141?
1
What is the thousands digit of 108392?
8
What is the tens digit of 41436452?
5
What is the ten thousands digit of 97248?
9
What is the thousands digit of 1433168?
3
What is the units digit of 3792199?
9
What is the thousands digit of 229292?
9
What is the thousands digit of 2409996?
9
What is the millions digit of 3024862?
3
What is the hundred thousands digit of 23250551?
2
What is the hundred thousands digit of 330973?
3
What is the tens digit of 265408?
0
What is the ten millions digit of 20011230?
2
What is the hundred thousands digit of 739940?
7
What is the millions digit of 2849153?
2
What is the units digit of 685849?
9
What is the units digit of 469630?
0
What is the hundreds digit of 129302?
3
What is the hundred thousands digit of 1139756?
1
What is the tens digit of 119408?
0
What is the ten thousands digit of 2097917?
9
What is the thousands digit of 1910287?
0
What is the units digit of 24251212?
2
What is the hundreds digit of 876036?
0
What is the hundreds digit of 5031125?
1
What is the thousands digit of 2943433?
3
What is the millions digit of 2338174?
2
What is the millions digit of 16216605?
6
What is the hundreds digit of 12484874?
8
What is the units digit of 1459175?
5
What is the tens digit of 353391?
9
What is the hundred thousands digit